{"id":1631,"date":"2016-04-19T20:44:40","date_gmt":"2016-04-19T20:44:40","guid":{"rendered":"http:\/\/inforfig.com\/?page_id=1631"},"modified":"2016-04-19T23:55:15","modified_gmt":"2016-04-19T23:55:15","slug":"workshops","status":"publish","type":"page","link":"https:\/\/fachonet.com\/index.php\/workshops\/","title":{"rendered":"Apoio ao Estudo"},"content":{"rendered":"<p>[vc_row][vc_column width=&#8221;1\/2&#8243;][vc_single_image image=&#8221;1650&#8243; img_size=&#8221;full&#8221; alignment=&#8221;center&#8221; title=&#8221;Apoio ao Estudo&#8221;][vc_column_text]<\/p>\n<h3 style=\"text-align: center;\">Matem\u00e1tica,<\/h3>\n<h3 style=\"text-align: center;\">F\u00edsica,<\/h3>\n<h3 style=\"text-align: center;\">Qu\u00edmica,<\/h3>\n<h3 style=\"text-align: center;\"><span style=\"line-height: 1.5;\">Inform\u00e1tica<\/span><\/h3>\n<p style=\"text-align: center;\">\u00a0Apoio Individual ou em Grupo<br \/>\nTodos os Anos de Escolaridade<\/p>\n<p>[\/vc_column_text][\/vc_column][vc_column width=&#8221;1\/2&#8243;][vc_single_image image=&#8221;1634&#8243; img_size=&#8221;medium&#8221; alignment=&#8221;center&#8221;][\/vc_column][\/vc_row][vc_row][vc_column width=&#8221;1\/2&#8243;][vc_column_text]<\/p>\n<p style=\"text-align: center;\"><b style=\"text-align: center;\">Necessita de apoio escolar, dirija-se at\u00e9 n\u00f3s,<br \/>\n<b style=\"text-align: center;\">os estudantes de hoje s\u00e3o o futuro<br \/>\n<b style=\"text-align: center;\"><a href=\"http:\/\/www.inforfig.com\">www.inforfig.com<\/a><br \/>\n<b style=\"text-align: center;\">\u00a0Inforfig, Lda<br \/>\n<b style=\"text-align: center;\">Rua de Timor, n\u00ba6, CB<br \/>\n<b style=\"text-align: center;\">Figueira da Foz<br \/>\n<b style=\"text-align: center;\">Telm. 964362408<br \/>\n<b style=\"text-align: center;\">A Inforfig presta com n\u00edvel de excel\u00eancia,<br \/>\n<b style=\"text-align: center;\">apoio escolar<\/b><\/b><\/b><\/b><\/b><\/b><\/b><\/b><\/b><\/p>\n<p>[\/vc_column_text][\/vc_column][vc_column width=&#8221;1\/2&#8243;][vc_column_text]<\/p>\n<ul>\n<li>Apoiamos-te na realiza\u00e7\u00e3o dos TPC;<\/li>\n<li>Preparamos-te para as fichas de avalia\u00e7\u00e3o, testes interm\u00e9dios e exames nacionais;<\/li>\n<li>Ajudamos-te a desenvolver autonomia no estudo;<\/li>\n<li>Aprende com saber.<\/li>\n<\/ul>\n<p>[\/vc_column_text][\/vc_column][\/vc_row]<\/p>\n","protected":false},"excerpt":{"rendered":"<p>[vc_row][vc_column width=&#8221;1\/2&#8243;][vc_single_image image=&#8221;1650&#8243; img_size=&#8221;full&#8221; alignment=&#8221;center&#8221; title=&#8221;Apoio ao Estudo&#8221;][vc_column_text] Matem\u00e1tica, F\u00edsica, Qu\u00edmica, Inform\u00e1tica \u00a0Apoio Individual ou em Grupo Todos os Anos de Escolaridade [\/vc_column_text][\/vc_column][vc_column width=&#8221;1\/2&#8243;][vc_single_image image=&#8221;1634&#8243; img_size=&#8221;medium&#8221; alignment=&#8221;center&#8221;][\/vc_column][\/vc_row][vc_row][vc_column width=&#8221;1\/2&#8243;][vc_column_text] Necessita de apoio escolar, dirija-se at\u00e9 n\u00f3s, os estudantes de hoje s\u00e3o o futuro www.inforfig.com \u00a0Inforfig, Lda Rua de Timor, n\u00ba6, CB Figueira da Foz Telm. 964362408 [&hellip;]<\/p>\n","protected":false},"author":2,"featured_media":0,"parent":0,"menu_order":0,"comment_status":"closed","ping_status":"closed","template":"","meta":{"footnotes":""},"class_list":["post-1631","page","type-page","status-publish","hentry"],"_links":{"self":[{"href":"https:\/\/fachonet.com\/index.php\/wp-json\/wp\/v2\/pages\/1631","targetHints":{"allow":["GET"]}}],"collection":[{"href":"https:\/\/fachonet.com\/index.php\/wp-json\/wp\/v2\/pages"}],"about":[{"href":"https:\/\/fachonet.com\/index.php\/wp-json\/wp\/v2\/types\/page"}],"author":[{"embeddable":true,"href":"https:\/\/fachonet.com\/index.php\/wp-json\/wp\/v2\/users\/2"}],"replies":[{"embeddable":true,"href":"https:\/\/fachonet.com\/index.php\/wp-json\/wp\/v2\/comments?post=1631"}],"version-history":[{"count":21,"href":"https:\/\/fachonet.com\/index.php\/wp-json\/wp\/v2\/pages\/1631\/revisions"}],"predecessor-version":[{"id":1657,"href":"https:\/\/fachonet.com\/index.php\/wp-json\/wp\/v2\/pages\/1631\/revisions\/1657"}],"wp:attachment":[{"href":"https:\/\/fachonet.com\/index.php\/wp-json\/wp\/v2\/media?parent=1631"}],"curies":[{"name":"wp","href":"https:\/\/api.w.org\/{rel}","templated":true}]}}